581?
1
What is the hundreds digit of 3628674441?
4
What is the ten millions digit of 3240183645?
4
What is the thousands digit of 2477229600?
9
What is the hundred millions digit of 2832665019?
8
What is the ten millions digit of 31986361?
3
What is the millions digit of 97201021?
7
What is the hundred thousands digit of 17380035?
3
What is the units digit of 1903219303?
3
What is the millions digit of 1258840414?
8
What is the thousands digit of 1111717918?
7
What is the tens digit of 415412525?
2
What is the ten millions digit of 686122692?
8
What is the thousands digit of 213564517?
4
What is the ten thousands digit of 26604153?
0
What is the units digit of 2378505?
5
What is the units digit of 485334440?
0
What is the ten thousands digit of 60320399?
2
What is the millions digit of 64994354?
4
What is the hundred thousands digit of 77532372?
5
What is the millions digit of 82937400?
2
What is the ten millions digit of 78945603?
7
What is the hundred thousands digit of 54783542?
7
What is the units digit of 293418044?
4
What is the ten millions digit of 374561265?
7
What is the hundreds digit of 3141815132?
1
What is the hundred thousands digit of 359662497?
6
What is the units digit of 8613472733?
3
What is the millions digit of 2386586398?
6
What is the tens digit of 82699595?
9
What is the hundred millions digit of 1122837607?
1
What is the units digit of 15707834?
4
What is the units digit of 10701065?
5
What is the hundred millions digit of 371353337?
3
What is the units digit of 34524599?
9
What is the ten millions digit of 97018849?
9
What is the billions digit of 2289917355?
2
What is the millions digit of 13726529?
3
What is the thousands digit of 390260855?
0
What is the thousands digit of 15296587?
6
What is the thousands digit of 2148874651?
4
What is the hundred thousands digit of 1382024923?
0
What is the ten millions digit of 117645384?
1
What is the tens digit of 23368445?
4
What is the millions digit of 987936918?
7
What is the ten thousands digit of 2530768671?
6
What is the millions digit of 41556987?
1
What is the thousands digit of 4099573?
9
What is the tens digit of 45289366?
6
What is the hundred thousands digit of 1335752157?
7
What is the millions digit of 1790807024?
0
What is the units digit of 34397815?
5
What is the hundreds digit of 33654715?
7
What is the hundreds digit of 319800425?
4
What is the thousands digit of 61716946?
6
What is the hundreds digit of 537238101?
1
What is the millions digit of 1250813403?
0
What is the ten millions digit of 69662756?
6
What is the tens digit of 3802214291?
9
What is the ten thousands digit of 41338097?
3
What is the units digit of 134809749?
9
What is the ten thousands digit of 547528013?
2
What is the hundred thousands digit of 801506445?
5
What is the ten thousands digit of 331538426?
3
What is the millions digit of 26755730?
6
What is the ten thousands digit of 470417172?
1
What is the ten thousands digit of 234290398?
9
What is the tens digit of 58267669?
6
What is the hundred millions digit of 851823253?
8
What is the hundreds digit of 9793643?
6
What is the units digit of 1049187414?
4
What is the ten millions digit of 84368503?
8
What is the units digit of 34961563?
3
What is the billions digit of 1352516956?
1
What is the hundred millions digit of 1967182892?
9
What is the ten thousands digit of 303138200?
3
What is the hundred thousands digit of 17707783?
7
What is the ten thousands digit of 1386154432?
5
What is the ten millions digit of 49832702?
4
What is the hundreds digit of 255826072?
0
What is the hundred thousands digit of 1891360787?
3
What is the ten millions digit of 40606970?
4
What is the ten millions digit of 717785960?
1
What is the ten millions digit of 410623074?
1
What is the units digit of 4379626776?
6
What is the millions digit of 78512096?
8
What is the millions digit of 284932716?
4
What is the hundreds digit of 335975017?
0
What is the hundred thousands digit of 99133072?
1
What is the thousands digit of 129177843?
7
What is the units digit of 69230871?
1
What is the millions digit of 41761769?
1
What is the thousands digit of 133973718?
3
What is the tens digit of 1010528796?
9
What is the hundred thousands digit of 162359055?
3
What is the hundred thousands digit of 27675744?
6
What is the millions digit of 650987671?
0
What is the tens digit of 5880225?
2
What is the units digit of 534052745?
5
What is the hundred thousands digit of 266319943?
3
What is the tens digit of 58586953?
5
What is the ten millions digit of 98328604?
9
What is the ten thousands digit of 103158209?
5
What is the millions digit of 373993576?
3
What is the hundreds digit of 297046380?
3
What is the ten thousands digit of 1035247337?
4
What is the hundreds digit of 292011621?
6
What is the tens digit of 35529175?
7
What is the ten thousands digit of 94097980?
9
What is the millions digit of 4245688792?
5
What is the hundreds digit of 108528622?
6
What is the millions digit of 83002609?
3
What is the units digit of 3143176589?
9
What is the ten millions digit of 53706772?
5
What is the tens digit of 1370438444?
4
What is the hundreds digit of 97570227?
2
What is the units digit of 1291783576?
6
What is the units digit of 349080954?
4
What is the tens digit of 737876445?
4
What is the billions digit of 1165272068?
1
What is the thousands digit of 14053987?
3
What is the ten millions digit of 409711091?
0
What is the ten millions digit of 58387135?
5
What is the units digit of 3303237456?
6
What is the hundreds digit of 52228470?
4
What is the hundred thousands digit of 116495855?
4
What is the millions digit of 7305314?
7
What is the ten thousands digit of 533727722?
2
What is the ten millions digit of 315870863?
1
What is the hundred thousands digit of 587177464?
1
What is the hundred thousands digit of 24877268?
8
What is the tens digit of 5924598059?
5
What is the hundred millions digit of 2720726150?
7
What is the hundred thousands digit of 1101826168?
8
What is the ten thousands digit of 27573461?
7
What is the thousands digit of 182200568?
0
What is the hundreds digit of 398100665?
6
What is the hundreds digit of 83240277?
2
What is the tens digit of 1663324212?
1
What is the hundreds digit of 2161179621?
6
What is the hundred thousands digit of 778171573?
1
What is the hundred millions digit of 394152981?
3
What is the thousands digit of 59525269?
5
What is the thousands digit of 46085151?
5
What is the millions digit of 1137770688?
7
What is the units digit of 20089968?
8
What is the ten millions digit of 16198865?
1
What is the units digit of 248146894?
4
What is the hundred thousands digit of 1484018320?
0
What is the tens digit of 803573399?
9
What is the thousands digit of 34553490?
3
What is the ten millions digit of 542007470?
4
What is the hundreds digit of 1667042777?
7
What is the units digit of 880864672?
2
What is the hundreds digit of 1390027485?
4
What is the hundred thousands digit of 53151875?
1
What is the units digit of 106476727?
7
What is the units digit of 79792995?
5
What is the thousands digit of 27273108?
3
What is the units digit of 2325825859?
9
What is the hundreds digit of 44985518?
5
What is the millions digit of 125102590?
5
What is the hundreds digit of 1749233152?
1
What is the tens digit of 1517272126?
2
What is the millions digit of 1546699275?
6
What is the millions digit of 194302408?
4
What is the ten millions digit of 407027991?
0
What is the thousands digit of 85554089?
4
What is the hundred millions digit of 151801978?
1
What is the billions digit of 3699613863?
3
What is the units digit of 37421378?
8
What is the hundred thousands digit of 1287669735?
6
What is the tens digit of 651853086?
8
What is the tens digit of 242460991?
9
What is the millions digit of 1488171315?
8
What is the hundred thousands digit of 1454047038?
0
What is the millions digit of 277229456?
7
What is the ten millions digit of 72200204?
7
What is the tens digit of 38666417?
1
What is the hundreds digit of 447221429?
4
What is the hundreds digit of 319125836?
8
What is the hundreds digit of 1695192588?
5
What is the hundreds digit of 4771999?
9
What is the ten thousands digit of 993954299?
5
What is the thousands digit of 1086534973?
4
What